remainder when 1289 is divided by 19?
16
Calculate the remainder when 141 is divided by 9.
6
What is the remainder when 237 is divided by 100?
37
What is the remainder when 271 is divided by 71?
58
What is the remainder when 6854 is divided by 140?
134
Calculate the remainder when 19 is divided by 11.
8
Calculate the remainder when 59 is divided by 3.
2
What is the remainder when 5981 is divided by 176?
173
What is the remainder when 466 is divided by 47?
43
What is the remainder when 354 is divided by 17?
14
What is the remainder when 89 is divided by 5?
4
Calculate the remainder when 24 is divided by 13.
11
Calculate the remainder when 75 is divided by 18.
3
What is the remainder when 61123 is divided by 375?
373
Calculate the remainder when 60 is divided by 24.
12
Calculate the remainder when 43 is divided by 23.
20
Calculate the remainder when 1215 is divided by 105.
60
Calculate the remainder when 867 is divided by 6.
3
Calculate the remainder when 7160 is divided by 77.
76
Calculate the remainder when 138 is divided by 28.
26
Calculate the remainder when 243 is divided by 9.
0
Calculate the remainder when 1072 is divided by 531.
10
Calculate the remainder when 121 is divided by 29.
5
What is the remainder when 109 is divided by 8?
5
What is the remainder when 1779 is divided by 66?
63
Calculate the remainder when 92 is divided by 54.
38
What is the remainder when 592 is divided by 121?
108
What is the remainder when 632 is divided by 53?
49
What is the remainder when 275 is divided by 86?
17
What is the remainder when 1203 is divided by 86?
85
What is the remainder when 129 is divided by 46?
37
Calculate the remainder when 1035 is divided by 259.
258
What is the remainder when 1115 is divided by 70?
65
Calculate the remainder when 359 is divided by 216.
143
Calculate the remainder when 2681 is divided by 12.
5
What is the remainder when 341 is divided by 162?
17
What is the remainder when 1141 is divided by 50?
41
What is the remainder when 84 is divided by 5?
4
What is the remainder when 1846 is divided by 24?
22
Calculate the remainder when 474 is divided by 14.
12
Calculate the remainder when 1941 is divided by 67.
65
Calculate the remainder when 227 is divided by 53.
15
What is the remainder when 101 is divided by 20?
1
Calculate the remainder when 587 is divided by 84.
83
Calculate the remainder when 1964 is divided by 103.
7
What is the remainder when 8145 is divided by 209?
203
What is the remainder when 61 is divided by 24?
13
Calculate the remainder when 555 is divided by 185.
0
Calculate the remainder when 823 is divided by 33.
31
Calculate the remainder when 663 is divided by 114.
93
Calculate the remainder when 2263 is divided by 50.
13
Calculate the remainder when 2085 is divided by 174.
171
Calculate the remainder when 6228 is divided by 93.
90
Calculate the remainder when 2959 is divided by 2940.
19
What is the remainder when 2869 is divided by 33?
31
What is the remainder when 213 is divided by 42?
3
What is the remainder when 1432 is divided by 91?
67
Calculate the remainder when 112 is divided by 54.
4
Calculate the remainder when 412 is divided by 375.
37
What is the remainder when 349 is divided by 56?
13
Calculate the remainder when 799 is divided by 100.
99
What is the remainder when 74 is divided by 10?
4
Calculate the remainder when 211 is divided by 66.
13
What is the remainder when 9858 is divided by 19?
16
What is the remainder when 195 is divided by 49?
48
Calculate the remainder when 6080 is divided by 17.
11
What is the remainder when 123 is divided by 34?
21
Calculate the remainder when 4480 is divided by 17.
9
Calculate the remainder when 405 is divided by 33.
9
Calculate the remainder when 394 is divided by 58.
46
What is the remainder when 239 is divided by 85?
69
What is the remainder when 243 is divided by 82?
79
What is the remainder when 151 is divided by 42?
25
What is the remainder when 400 is divided by 13?
10
Calculate the remainder when 218 is divided by 184.
34
Calculate the remainder when 150 is divided by 102.
48
What is the remainder when 607 is divided by 51?
46
What is the remainder when 9322 is divided by 36?
34
What is the remainder when 2278 is divided by 45?
28
What is the remainder when 357 is divided by 148?
61
What is the remainder when 1997 is divided by 281?
30
What is the remainder when 2132 is divided by 213?
2
Calculate the remainder when 249 is divided by 15.
9
What is the remainder when 1856 is divided by 11?
8
Calculate the remainder when 670 is divided by 32.
30
What is the remainder when 169 is divided by 86?
83
Calculate the remainder when 419 is divided by 9.
5
What is the remainder when 307 is divided by 45?
37
Calculate the remainder when 1682 is divided by 556.
14
What is the remainder when 751 is divided by 368?
15
What is the remainder when 765 is divided by 21?
9
Calculate the remainder when 130 is divided by 34.
28
What is the remainder when 509 is divided by 255?
254
What is the remainder when 179 is divided by 114?
65
Calculate the remainder when 778 is divided by 65.
63
What is the remainder when 43 is divided by 18?
7
Calculate the remainder when 36 is divided by 22.
14
What is the remainder when 39 is divided by 22?
17
What is the remainder when 101 is divided by 90?
11
Calculate the remainder when 5970 is divided by 11.
8
What is the remainder when 178 is divided by 45?
43
What is the remainder when 293 is divided by 78?
59
What is the remainder when 3126 is divided by 1036?
18
What is the remainder when 43694 is divided by 16?
14
What is the remainder when 1593 is divided by 196?
25
Calculate the remainder when 88 is divided by 16.
8
What is the remainder when 71 is divided by 65?
6
What is the remainder when 286 is divided by 32?
30
What is the remainder when 53 is divided by 37?
16
What is the remainder when 98 is divided by 31?
5
What is the remainder when 587 is divided by 14?
13
Calculate the remainder when 190 is divided by 32.
30
What is the remainder when 2251 is divided by 94?
89
What is the remainder when 251 is divided by 134?
117
Calculate the remainder when 113 is divided by 40.
33
What is the remainder when 97 is divided by 97?
0
What is the remainder when 269 is divided by 215?
54
Calculate the remainder when 300 is divided by 23.
1
Calculate the remainder when 6684 is divided by 176.
172
What is the remainder when 6654 is divided by 55?
54
What is the remainder when 9 is divided by 7?
2
Calculate the remainder when 858 is divided by 88.
66
Calculate the remainder when 571 is divided by 133.
39
What is the remainder when 545 is divided by 89?
11
Calculate the remainder when 579 is divided by 97.
94
Calculate the remainder when 492 is divided by 100.
92
What is the remainder when 282 is divided by 132?
18
Calculate the remainder when 1185 is divided by 393.
6
What is the remainder when 1196 is divided by 295?
16
What is the remainder when 240 is divided by 59?
4
Calculate the remainder when 213 is divided by 3.
0
Calculate the remainder when 1674 is divided by 67.
66
What is the remainder when 6388 is divided by 17?
13
Calculate the remainder when 603 is divided by 297.
9
Calculate the remainder when 96 is divided by 9.
6
Calculate the remainder when 85 is divided by 22.
19
What is the remainder when 1588 is divided by 6?
4
What is the remainder when 645 is divided by 27?
24
What is the remainder when 6966 is divided by 21?
15
What is the remainder when 3927 is divided by 15?
12
Calculate the remainder when 1532 is divided by 118.
116
What is the remainder when 80 is divided by 11?
3
What is the remainder when 5196 is divided by 237?
219
Calculate the remainder when 35 is divided by 19.
16
Calculate the remainder when 55 is divided by 21.
13
Calculate the remainder when 1980 is divided by 142.
134
What is the remainder when 17259 is divided by 126?
123
Calculate the remainder when 17661 is divided by 17.
15
Calculate the remainder when 216 is divided by 14.
6
What is the remainder when 47 is divided by 16?
15
What is the remainder when 213 is divided by 102?
9
What is the remainder when 807 is divided by 81?
78
What is the remainder when 888 is divided by 178?
176
Calculate the remainder when 54 is divided by 11.
10
What is the remainder 